alculate the remainder when 309 is divided by 54.
39
What is the remainder when 399 is divided by 4?
3
Calculate the remainder when 699 is divided by 307.
85
What is the remainder when 179 is divided by 18?
17
Calculate the remainder when 491 is divided by 11.
7
Calculate the remainder when 203 is divided by 67.
2
Calculate the remainder when 54 is divided by 54.
0
What is the remainder when 256 is divided by 87?
82
What is the remainder when 108 is divided by 23?
16
What is the remainder when 1115 is divided by 86?
83
Calculate the remainder when 59 is divided by 40.
19
Calculate the remainder when 923 is divided by 12.
11
What is the remainder when 110 is divided by 98?
12
What is the remainder when 1932 is divided by 45?
42
What is the remainder when 725 is divided by 66?
65
What is the remainder when 527 is divided by 106?
103
Calculate the remainder when 68 is divided by 14.
12
Calculate the remainder when 1302 is divided by 432.
6
What is the remainder when 1823 is divided by 43?
17
Calculate the remainder when 47 is divided by 26.
21
Calculate the remainder when 5131 is divided by 34.
31
What is the remainder when 5623 is divided by 148?
147
Calculate the remainder when 1615 is divided by 36.
31
Calculate the remainder when 39 is divided by 23.
16
What is the remainder when 140 is divided by 38?
26
Calculate the remainder when 2243 is divided by 22.
21
What is the remainder when 440 is divided by 74?
70
Calculate the remainder when 55 is divided by 43.
12
What is the remainder when 584 is divided by 9?
8
Calculate the remainder when 677 is divided by 10.
7
What is the remainder when 305 is divided by 2?
1
Calculate the remainder when 617 is divided by 157.
146
What is the remainder when 319 is divided by 14?
11
What is the remainder when 38 is divided by 23?
15
What is the remainder when 1509 is divided by 498?
15
What is the remainder when 5794 is divided by 11?
8
Calculate the remainder when 510 is divided by 47.
40
Calculate the remainder when 413 is divided by 109.
86
Calculate the remainder when 5543 is divided by 91.
83
What is the remainder when 501 is divided by 167?
0
Calculate the remainder when 170 is divided by 44.
38
What is the remainder when 483 is divided by 6?
3
Calculate the remainder when 178 is divided by 18.
16
What is the remainder when 647 is divided by 106?
11
Calculate the remainder when 126 is divided by 19.
12
Calculate the remainder when 44 is divided by 16.
12
Calculate the remainder when 257 is divided by 81.
14
Calculate the remainder when 235 is divided by 38.
7
Calculate the remainder when 6242 is divided by 18.
14
Calculate the remainder when 2488 is divided by 6.
4
What is the remainder when 45880 is divided by 11?
10
Calculate the remainder when 499 is divided by 50.
49
Calculate the remainder when 933 is divided by 36.
33
Calculate the remainder when 1762 is divided by 13.
7
Calculate the remainder when 321 is divided by 54.
51
What is the remainder when 824 is divided by 36?
32
Calculate the remainder when 700 is divided by 115.
10
What is the remainder when 78 is divided by 25?
3
Calculate the remainder when 488 is divided by 294.
194
What is the remainder when 846 is divided by 16?
14
Calculate the remainder when 2158 is divided by 24.
22
Calculate the remainder when 156 is divided by 10.
6
Calculate the remainder when 311 is divided by 12.
11
Calculate the remainder when 7468 is divided by 10.
8
What is the remainder when 655 is divided by 73?
71
What is the remainder when 119 is divided by 63?
56
What is the remainder when 2072 is divided by 258?
8
What is the remainder when 133 is divided by 45?
43
Calculate the remainder when 73 is divided by 11.
7
Calculate the remainder when 60 is divided by 21.
18
What is the remainder when 244 is divided by 66?
46
What is the remainder when 101 is divided by 8?
5
Calculate the remainder when 87 is divided by 47.
40
What is the remainder when 177 is divided by 80?
17
What is the remainder when 155 is divided by 78?
77
What is the remainder when 27 is divided by 12?
3
What is the remainder when 37 is divided by 26?
11
What is the remainder when 105 is divided by 91?
14
What is the remainder when 353 is divided by 60?
53
Calculate the remainder when 1337 is divided by 246.
107
Calculate the remainder when 158 is divided by 35.
18
Calculate the remainder when 108 is divided by 49.
10
What is the remainder when 7726 is divided by 21?
19
What is the remainder when 16658 is divided by 17?
15
Calculate the remainder when 5764 is divided by 73.
70
Calculate the remainder when 4408 is divided by 5.
3
Calculate the remainder when 39 is divided by 22.
17
Calculate the remainder when 304 is divided by 100.
4
What is the remainder when 170 is divided by 100?
70
What is the remainder when 159 is divided by 33?
27
Calculate the remainder when 1019 is divided by 128.
123
Calculate the remainder when 1651 is divided by 549.
4
Calculate the remainder when 147 is divided by 4.
3
Calculate the remainder when 211 is divided by 89.
33
Calculate the remainder when 1457 is divided by 484.
5
What is the remainder when 297 is divided by 75?
72
What is the remainder when 5381 is divided by 31?
18
What is the remainder when 283 is divided by 101?
81
Calculate the remainder when 305 is divided by 54.
35
What is the remainder when 611 is divided by 295?
21
What is the remainder when 70 is divided by 25?
20
Calculate the remainder when 194 is divided by 61.
11
What is the remainder when 704 is divided by 103?
86
Calculate the remainder when 137 is divided by 39.
20
Calculate the remainder when 70 is divided by 57.
13
Calculate the remainder when 465 is divided by 36.
33
What is the remainder when 163 is divided by 34?
27
What is the remainder when 701 is divided by 8?
5
What is the remainder when 79 is divided by 16?
15
Calculate the remainder when 2095 is divided by 262.
261
Calculate the remainder when 307 is divided by 77.
76
What is the remainder when 2515 is divided by 14?
9
Calculate the remainder when 194 is divided by 51.
41
What is the remainder when 1074 is divided by 98?
94
What is the remainder when 154 is divided by 69?
16
What is the remainder when 14755 is divided by 122?
115
Calculate the remainder when 507 is divided by 85.
82
Calculate the remainder when 452 is divided by 65.
62
What is the remainder when 1038 is divided by 45?
3
Calculate the remainder when 65 is divided by 57.
8
What is the remainder when 57 is divided by 51?
6
What is the remainder when 131 is divided by 5?
1
What is the remainder when 5952 is divided by 73?
39
Calculate the remainder when 214 is divided by 75.
64
What is the remainder when 207 is divided by 52?
51
Calculate the remainder when 65 is divided by 17.
14
Calculate the remainder when 4330 is divided by 11.
7
What is the remainder when 182 is divided by 181?
1
Calculate the remainder when 221 is divided by 5.
1
Calculate the remainder when 210 is divided by 106.
104
What is the remainder when 10556 is divided by 1758?
8
Calculate the remainder when 1454 is divided by 11.
2
Calculate the remainder when 560 is divided by 63.
56
What is the remainder when 99 is divided by 52?
47
What is the remainder when 155 is divided by 11?
1
Calculate the remainder when 10 is divided by 4.
2
Calculate the remainder when 136 is divided by 37.
25
What is the remainder when 4527 is divided by 238?
5
What is the remainder when 2266 is divided by 47?
10
What is the remainder when 565 is divided by 63?
61
Calculate the remainder when 356 is divided by 18.
14
Calculate the remainder when 1115 is divided by 62.
61
Calculate the remainder when 235 is divided by 22.
15
What is the remainder when 117 is divided by 8?
5
What is the remainder when 993 is divided by 5?
3
What is the remainder when 537 is divided by 532?
5
Calculate the remainder when 21 is divided by 1.
0
Calculate the remainder when 514 is divided by 134.
112
Calculate the remainder when 443 is divided by 211.
21
Calculate the remainder when 939 is divided by 16.
11
Calculate the remainder when 2295 is divided by 46.
41
What is the remainder when 229 is divided by 29?
26
What is the remainder when 2202 is divided by 271?
34
What is the remainder when 348 is divided by 122?
104
Calculate the remai